 1765 - 1751. Let p be (-1 + -91)*(6/(-4) + -2). Calculate the highest common divisor of i and p.
14
Suppose 4*h - w - 1902 + 253 = 0, -4*h - w + 1655 = 0. Let u = 488 - h. What is the greatest common divisor of 200 and u?
25
Suppose 3*g - 28 = 26. Let n(b) = 8*b**3 - 2*b**2 + b + 1. Let y be n(1). Suppose y*t - 446 - 130 = 0. What is the highest common factor of g and t?
18
Let a(s) be the second derivative of 2*s**4/3 + 2*s**3/3 + 13*s + 4. Let l be a(-1). Calculate the highest common factor of l and 28.
4
Suppose 296*b = -30*b + 75632. What is the greatest common divisor of b and 82?
2
Suppose 31*r - 28*r + 5*c = 7170, r - c = 2374. Calculate the greatest common factor of 1750 and r.
70
Let a(c) = -c**2 - 9*c + 5. Let s be a(-9). Suppose f + r = 6, s*r = 5*f - 20 - 10. Let g = -920 + 935. What is the highest common divisor of f and g?
3
Let y = 29 - 81. Let v = y - -113. Let o = v - 36. What is the highest common factor of 75 and o?
25
Let l(v) be the second derivative of v**4/12 - 7*v**3/3 + 43*v**2/2 + v - 3. Let a be l(8). Let j = 13 - a. Calculate the greatest common divisor of j and 9.
9
Suppose 4*i = 2*x + 3*x + 60, i - 2*x - 15 = 0. Suppose -5*d + 110 + i = 0. Suppose 2*a - 30 = -a. Calculate the highest common divisor of d and a.
5
Let a(l) = -1078*l - 1720. Let w be a(-2). What is the greatest common divisor of 981 and w?
109
Let p be 3/(-21) - (100092/(-483) - 44/(-506)). Calculate the highest common factor of 1886 and p.
23
Suppose 2*n - 29 = -7. Let l be ((-2112)/672)/((-36)/(-21) - 2). What is the greatest common divisor of l and n?
11
Let m(s) = -s**2 - 17*s + 78. Let u be m(-18). Suppose 3*c + 496 = 4*v, -3*v + 0*v - 2*c = -389. Let n = v + -87. What is the highest common divisor of n and u?
20
Let i = 32395 - 32107. Calculate the greatest common divisor of 1359 and i.
9
Suppose 4*p - h - 46 - 69 = 0, -110 = -4*p + 2*h. Let i = -33 + 30. Let c = i - -13. Calculate the highest common divisor of p and c.
10
Let b = -223 - -231. Suppose 2464 = 24*y - b*y. What is the greatest common factor of y and 110?
22
Let w(n) = 230*n**2 - 64*n + 214. Let t be w(4). What is the highest common factor of t and 107?
107
Let t(g) = -6*g - 16. Let o be t(-4). Suppose 0*v = 4*v + 3*y - 96, -2*y + o = 0. Calculate the highest common factor of v and 21.
21
Let i = 26077 - 19616. What is the highest common divisor of i and 273?
91
Suppose 5*o - 4*c = 20, 0 = -5*o + 4*o - 3*c + 4. Let k(z) = -42*z + 212. Let y be k(o). Calculate the highest common divisor of y and 55.
11
Let f(z) = -2*z**3 - 13*z**2 - 9*z - 33. Let l be f(-11). What is the highest common factor of l and 1365?
105
Let p(u) = -u**3 + 39*u**2 - 36*u - 59. Let d be p(38). Suppose -19*y + 8 = -d*y. Calculate the greatest common divisor of y and 12.
4
Suppose 6 = -3*s - 5*l, 0*l + 2*l + 15 = 3*s. Suppose -2*i = -5*w - 33, 0 = 6*i - 5*i - s*w - 15. What is the highest common factor of i and 648?
24
Let s be 329 - (2 - 5)/1 - -1. Let n = 336 - s. What is the highest common factor of n and 174?
3
Let n = -38229 - -61359. Calculate the greatest common divisor of n and 90.
90
Suppose -8*c - 26 = -2*m - 3*c, 5*m = -c + 11. Let p(x) = -15 - 2*x + 6*x - x. Let z be p(6). Calculate the highest common factor of m and z.
3
Suppose 0 = 8*g - 343 - 1729. Let r = 8 + -1. Calculate the greatest common factor of r and g.
7
Let l be (1 - 0)/(60/960). What is the highest common factor of l and 272?
16
Suppose -16 = 2*a - 6*a. Suppose u + a*u - 44 = -2*l, 5*u = -3*l + 76. Let b be 471/(-785) - 1443/(-5). Calculate the greatest common factor of b and l.
32
Let a(i) = i**3 - 16*i**2 + 26*i - 17. Let g be a(11). Let w be g/(-33) + 20/(-110). What is the greatest common factor of 5 and w?
5
Let f(j) be the second derivative of j**5/20 + 23*j**4/12 - 2*j**3/3 - 63*j**2/2 - 58*j. Let z be f(-23). Calculate the greatest common factor of 319 and z.
29
Suppose -7*z - d = -10*z + 903, -2*z = -5*d - 602. Let o = -134 + 220. What is the greatest common factor of z and o?
43
Let n = -2436 - -2485. Calculate the highest common factor of 28 and n.
7
Suppose -249 + 393 = 2*i. What is the greatest common divisor of i and 8532?
36
Suppose 5*u = -4*p + 147, 3*u = 5*p - 24 + 90. Let k be 764/36 + (-6)/u. Let m = 3845 + -3656. What is the greatest common factor of m and k?
21
Let z(u) = 4*u - 20. Let s be z(6). Suppose -2*w - 2*w + 176 = -4*g, s*g - 153 = -3*w. Suppose 2*x - 127 = -w. Calculate the highest common factor of 10 and x.
10
Suppose 102*p - 98*p = 24. Let g be (p/(-4))/(33/(-176)). Let i be ((-2)/4)/(1/(-128)). Calculate the highest common factor of g and i.
8
Suppose 0 = -3*d + 4*x + 928, 3*d + d + 4*x - 1200 = 0. Suppose 5*a + 5442 = 5537. Calculate the highest common divisor of a and d.
19
Suppose 0 = -2*n - 5*g + 36, 0*n = 3*n + 4*g - 40. What is the highest common divisor of n and 10616?
8
Suppose 4*c = 0, -1029*k = -1025*k + 5*c - 8. What is the highest common factor of 6284 and k?
2
Suppose 14*o - 4*b - 2080 = 10*o, 2*b - 1060 = -2*o. What is the highest common factor of 49 and o?
7
Suppose 2*i + 6*w - 212 = w, -4*w = 4*i - 424. Let f = -54 + i. Suppose -5*m = -50 - 15. Calculate the greatest common divisor of m and f.
13
Let n be (-2)/9 - ((-104)/(-18) + -10). Suppose n*b = a - 211, -a - b = 4*a - 1160. Calculate the greatest common divisor of a and 7.
7
Let j(l) = 1078*l + 2196. Let h be j(-2). Suppose 5*n + 39 - 589 = 0. Calculate the greatest common factor of h and n.
10
Suppose -3*f = -v - f, 2*v - 5*f = -2. Let t be (v + ((-200)/(-15))/(-4))*255. Calculate the highest common divisor of t and 51.
17
Suppose 0 = -5*l - 89 + 19. Let s be (-3 + (-54)/12)*l. What is the highest common factor of s and 5?
5
Let g = 5727 + -5555. What is the highest common divisor of g and 4?
4
Let t(z) = -z**3 - 19*z**2 - z - 20. Let r be t(-19). Let f(a) = 25*a**2 - 3*a + 2. Let y be f(r). What is the highest common divisor of 90 and y?
30
Suppose g = -2*m + 4388, 2*g - 25*m = -23*m + 8800. What is the greatest common factor of 56 and g?
28
Suppose -5*l - 35 + 102 = 4*z, 0 = 5*z - 4*l - 94. What is the highest common divisor of 2034 and z?
18
Let m(j) = -62*j - 1089. Let f be m(-18). Calculate the highest common divisor of 3375 and f.
27
Suppose -f - 709*x + 714*x = -55, 0 = -5*f - 4*x + 130. Suppose -209 - 376 = -3*d. Calculate the greatest common divisor of f and d.
15
Suppose 0 = -4*k - 2*q + 6, -22 = 4*k - 4*q - 10. Suppose -p - 14 = -2*a, -2*p - 2 - 2 = k. What is the highest common factor of 10 and a?
2
Let z = -97 - -27. Let q be 32 + 330/z + 2/(-7). Calculate the highest common divisor of 1 and q.
1
Let i = 378 - 373. What is the greatest common divisor of 33 and i?
1
Let i = 16749 - 15587. What is the greatest common factor of i and 42?
14
Let w(m) = -32*m - 280. Let z be w(-12). Suppose -5*b = -b - 40. Suppose 10 = -4*h - b, h = n - 31. What is the greatest common factor of z and n?
26
Let b(l) = 75*l + 195. Let c be b(-10). Let n = c + 639. What is the greatest common factor of 6 and n?
6
Suppose 90*g + 111*g = 63315. Calculate the greatest common divisor of 805 and g.
35
Suppose 58*l = -42*l - 26*l + 54810. What is the highest common divisor of 15 and l?
15
Suppose 2487 = -126*a + 11307. Calculate the highest common divisor of a and 168.
14
Let u(t) = -t**2 + 7*t - 5. Let y be u(5). Let z be 8/1*2*9/36. Suppose 24 = m - z*x, -2*m - y*x = -11 + 2. What is the highest common divisor of m and 30?
6
Let f(v) = -v**2 + 6*v + 8. Suppose -3*r - 33 = -5*a - 4*r, -5*r = -15. Let k be f(a). Let b be (-52)/65*(0 - 5). What is the highest common divisor of k and b?
4
Suppose -191*b + 87*b - 92*b + 68600 = 0. What is the highest common divisor of b and 20?
10
Suppose 0 = -3*l - 5*c + 166, -486*c - 98 = -2*l - 483*c. What is the greatest common divisor of 38 and l?
2
Suppose -60 + 12 = -16*s. Let m be 4/8 + 102/12 + s. Calculate the greatest common factor of m and 816.
12
Let m be 17/(-68) + ((-438)/8 - 0). Let l be -3*15*308/m. Let u = -50 + 78. What is the highest common factor of u and l?
28
Suppose -3*x = -8*x + 140. Let u be -3 - 12/(-2 - 0). Suppose u + 1 = h. Calculate the highest common divisor of x and h.
4
Let q(b) = 21*b + 99. Let h be q(16). Let p = h + -227. What is the greatest common divisor of p and 130?
26
S